{"id":1719,"date":"2025-04-02T21:48:52","date_gmt":"2025-04-02T21:48:52","guid":{"rendered":"https:\/\/servitec.servitecglobalsystem.com\/?post_type=product&#038;p=1719"},"modified":"2025-04-04T12:46:05","modified_gmt":"2025-04-04T12:46:05","slug":"placa-base-boetec-wh760","status":"publish","type":"product","link":"https:\/\/servitec.servitecglobalsystem.com\/?product=placa-base-boetec-wh760","title":{"rendered":"Placa Base (BOETEC) WH760"},"content":{"rendered":"<ul>\n<li class=\"\" data-start=\"132\" data-end=\"266\">\n<p class=\"\" data-start=\"134\" data-end=\"266\"><strong data-start=\"134\" data-end=\"145\">Memoria<\/strong>: <span class=\"relative -mx-px my-[-0.2rem] rounded px-px py-[0.2rem]\">2 ranuras DDR4 en doble canal, soportando hasta 64 GB de RAM con frecuencias de 2133 a 3200 MHz.<\/span> \u200b<strong data-start=\"270\" data-end=\"288\">Almacenamiento<\/strong>: <span class=\"relative -mx-px my-[-0.2rem] rounded px-px py-[0.2rem]\">3 puertos SATA 3.0 y 2 ranuras M.2 (una compatible con SATA y otra con PCIe\/NVMe) para unidades de estado s\u00f3lido de alta velocidad.<\/span> \u200b<\/p>\n<\/li>\n<li class=\"\" data-start=\"411\" data-end=\"548\">\n<p class=\"\" data-start=\"413\" data-end=\"548\"><strong data-start=\"413\" data-end=\"425\">Gr\u00e1ficos<\/strong>: <span class=\"relative -mx-px my-[-0.2rem] rounded px-px py-[0.2rem]\">Soporte para gr\u00e1ficos integrados Intel HD Graphics (requiere procesador con gr\u00e1ficos integrados).<\/span><\/p>\n<\/li>\n<li class=\"\" data-start=\"550\" data-end=\"695\">\n<p class=\"\" data-start=\"552\" data-end=\"695\"><strong data-start=\"552\" data-end=\"568\">Conectividad<\/strong>: <span class=\"relative -mx-px my-[-0.2rem] rounded px-px py-[0.2rem]\">LAN Gigabit Ethernet (Realtek 8111H\/8106E) y m\u00faltiples puertos USB 3.0 y 2.0.<\/span> \u200b<\/p>\n<\/li>\n<li class=\"\" data-start=\"697\" data-end=\"835\">\n<p class=\"\" data-start=\"699\" data-end=\"835\"><strong data-start=\"699\" data-end=\"708\">Audio<\/strong>: <span class=\"relative -mx-px my-[-0.2rem] rounded px-px py-[0.2rem] bg-[#FCECC1] dark:bg-[#64572A]\">Sistema de audio de alta definici\u00f3n de 6 canales.<\/span> \u200b<\/p>\n<\/li>\n<\/ul>\n","protected":false},"excerpt":{"rendered":"<p>Memoria: 2 ranuras DDR4 en doble canal, soportando hasta 64 GB de RAM con frecuencias de 2133 a 3200 MHz. \u200bAlmacenamiento: 3 puertos SATA 3.0 y 2 ranuras M.2 (una compatible con SATA y otra con PCIe\/NVMe) para unidades de estado s\u00f3lido de alta velocidad. \u200b Gr\u00e1ficos: Soporte para gr\u00e1ficos integrados Intel HD Graphics (requiere procesador con gr\u00e1ficos integrados). Conectividad: LAN Gigabit Ethernet (Realtek 8111H\/8106E) y m\u00faltiples puertos USB 3.0 y 2.0. \u200b Audio: Sistema de audio de alta definici\u00f3n de 6 canales. \u200b<\/p>\n","protected":false},"featured_media":1721,"comment_status":"open","ping_status":"closed","template":"","meta":{"_joinchat":[],"jetpack_publicize_message":"","jetpack_publicize_feature_enabled":true,"jetpack_social_post_already_shared":false,"jetpack_social_options":{"image_generator_settings":{"template":"highway","default_image_id":0,"font":"","enabled":false},"version":2}},"product_brand":[],"product_cat":[29,24],"product_tag":[],"class_list":{"0":"post-1719","1":"product","2":"type-product","3":"status-publish","4":"has-post-thumbnail","6":"product_cat-placas-madre","7":"product_cat-categoria-todos","9":"first","10":"instock","11":"taxable","12":"shipping-taxable","13":"purchasable","14":"product-type-simple"},"jetpack_publicize_connections":[],"_links":{"self":[{"href":"https:\/\/servitec.servitecglobalsystem.com\/index.php?rest_route=\/wp\/v2\/product\/1719","targetHints":{"allow":["GET"]}}],"collection":[{"href":"https:\/\/servitec.servitecglobalsystem.com\/index.php?rest_route=\/wp\/v2\/product"}],"about":[{"href":"https:\/\/servitec.servitecglobalsystem.com\/index.php?rest_route=\/wp\/v2\/types\/product"}],"replies":[{"embeddable":true,"href":"https:\/\/servitec.servitecglobalsystem.com\/index.php?rest_route=%2Fwp%2Fv2%2Fcomments&post=1719"}],"version-history":[{"count":2,"href":"https:\/\/servitec.servitecglobalsystem.com\/index.php?rest_route=\/wp\/v2\/product\/1719\/revisions"}],"predecessor-version":[{"id":1723,"href":"https:\/\/servitec.servitecglobalsystem.com\/index.php?rest_route=\/wp\/v2\/product\/1719\/revisions\/1723"}],"wp:featuredmedia":[{"embeddable":true,"href":"https:\/\/servitec.servitecglobalsystem.com\/index.php?rest_route=\/wp\/v2\/media\/1721"}],"wp:attachment":[{"href":"https:\/\/servitec.servitecglobalsystem.com\/index.php?rest_route=%2Fwp%2Fv2%2Fmedia&parent=1719"}],"wp:term":[{"taxonomy":"product_brand","embeddable":true,"href":"https:\/\/servitec.servitecglobalsystem.com\/index.php?rest_route=%2Fwp%2Fv2%2Fproduct_brand&post=1719"},{"taxonomy":"product_cat","embeddable":true,"href":"https:\/\/servitec.servitecglobalsystem.com\/index.php?rest_route=%2Fwp%2Fv2%2Fproduct_cat&post=1719"},{"taxonomy":"product_tag","embeddable":true,"href":"https:\/\/servitec.servitecglobalsystem.com\/index.php?rest_route=%2Fwp%2Fv2%2Fproduct_tag&post=1719"}],"curies":[{"name":"wp","href":"https:\/\/api.w.org\/{rel}","templated":true}]}}